{"id":49,"date":"2011-11-09T18:25:48","date_gmt":"2011-11-09T16:25:48","guid":{"rendered":"http:\/\/www.rkteeninduse.ee\/?page_id=49"},"modified":"2026-03-17T13:39:08","modified_gmt":"2026-03-17T11:39:08","slug":"opetajad","status":"publish","type":"page","link":"https:\/\/www.reaaliautokool.ee\/?page_id=49","title":{"rendered":"\u00d5petajad"},"content":{"rendered":"<p>Ahto Murumaa<br \/>\nS\u00f5idu\u00f5petaja &#8211; \u00f5ppes\u00f5iduauto : Suzuki, Honda<\/p>\n<p>Sergei Ivanov<br \/>\nS\u00f5idu\u00f5petaja &#8211; \u00f5ppes\u00f5iduauto : BMW<\/p>\n<p>Elle Sakarias<br \/>\nS\u00f5idu\u00f5petaja &#8211; \u00f5ppes\u00f5iduauto :\u00a0Nissan<\/p>\n<p>Walter Hartwich<br \/>\nS\u00f5idu\u00f5petaja &#8211; \u00f5ppes\u00f5iduauto : BMW<\/p>\n<p>Kristjan Eelsaare<br \/>\nS\u00f5idu\u00f5petaja &#8211; \u00f5ppes\u00f5iduauto : Volvo<\/p>\n<p>Jane-Kristi N\u00f5lvak<br \/>\nTeooria- ja s\u00f5idu\u00f5petaja &#8211; \u00f5ppes\u00f5iduauto : Ford<\/p>\n","protected":false},"excerpt":{"rendered":"<p>Ahto Murumaa S\u00f5idu\u00f5petaja &#8211; \u00f5ppes\u00f5iduauto : Suzuki, Honda Sergei Ivanov S\u00f5idu\u00f5petaja &#8211; \u00f5ppes\u00f5iduauto : BMW Elle Sakarias S\u00f5idu\u00f5petaja &#8211; \u00f5ppes\u00f5iduauto :\u00a0Nissan Walter Hartwich S\u00f5idu\u00f5petaja &#8211; \u00f5ppes\u00f5iduauto : BMW Kristjan Eelsaare S\u00f5idu\u00f5petaja &#8211; \u00f5ppes\u00f5iduauto : Volvo Jane-Kristi N\u00f5lvak Teooria- ja s\u00f5idu\u00f5petaja &hellip; <a href=\"https:\/\/www.reaaliautokool.ee\/?page_id=49\">Continue reading <span class=\"meta-nav\">&rarr;<\/span><\/a><\/p>\n","protected":false},"author":2,"featured_media":0,"parent":318,"menu_order":3,"comment_status":"closed","ping_status":"open","template":"sidebar-page.php","meta":{"footnotes":""},"_links":{"self":[{"href":"https:\/\/www.reaaliautokool.ee\/index.php?rest_route=\/wp\/v2\/pages\/49"}],"collection":[{"href":"https:\/\/www.reaaliautokool.ee\/index.php?rest_route=\/wp\/v2\/pages"}],"about":[{"href":"https:\/\/www.reaaliautokool.ee\/index.php?rest_route=\/wp\/v2\/types\/page"}],"author":[{"embeddable":true,"href":"https:\/\/www.reaaliautokool.ee\/index.php?rest_route=\/wp\/v2\/users\/2"}],"replies":[{"embeddable":true,"href":"https:\/\/www.reaaliautokool.ee\/index.php?rest_route=%2Fwp%2Fv2%2Fcomments&post=49"}],"version-history":[{"count":29,"href":"https:\/\/www.reaaliautokool.ee\/index.php?rest_route=\/wp\/v2\/pages\/49\/revisions"}],"predecessor-version":[{"id":1216,"href":"https:\/\/www.reaaliautokool.ee\/index.php?rest_route=\/wp\/v2\/pages\/49\/revisions\/1216"}],"up":[{"embeddable":true,"href":"https:\/\/www.reaaliautokool.ee\/index.php?rest_route=\/wp\/v2\/pages\/318"}],"wp:attachment":[{"href":"https:\/\/www.reaaliautokool.ee\/index.php?rest_route=%2Fwp%2Fv2%2Fmedia&parent=49"}],"curies":[{"name":"wp","href":"https:\/\/api.w.org\/{rel}","templated":true}]}}